
3
Let c(d) = d**2 + 6*d + 5. Let f be c(-4). List the prime factors of (1/f)/(4/(-252)).
3, 7
Suppose -5*i = -4*u + 14, -5*i - 6 = 2*u + 2. Let f be 15/4 - u/(-4). Suppose 0 = -f*p + 5*t + 57, -4*t - 12 = 3*p - 2*p. List the prime factors of p.
2
Let f(x) = 6*x - 1. Let t be f(1). Let j = 6 + 6. Suppose 4*c + t*n - 4 = 0, 4*n - n + j = 0. List the prime factors of c.
2, 3
Let j(a) = 6*a**2 + 5*a + 13. What are the prime factors of j(-7)?
2, 17
Let d(w) = w - 1. Let q(i) be the first derivative of 3*i**2 - 6*i - 1. Let f(a) = -4*d(a) + q(a). List the prime factors of f(11).
2, 5
Suppose -4*c = -8, -189 = -g - 5*c - 60. What are the prime factors of g?
7, 17
Suppose -3*y = -y - 4. Let i = 14 + y. List the prime factors of i.
2
Let b(v) = 2*v - 6. Let w be b(5). Suppose 84 - 16 = w*y. What are the prime factors of y?
17
Suppose 11*j = 10*j + 21. What are the prime factors of j?
3, 7
Let g be 2*(0 + (-3)/(-3)). Suppose 30 = g*p + 3*p. What are the prime factors of p?
2, 3
Suppose 4 + 1 = -k, 4*k = 3*j - 491. What are the prime factors of j?
157
Suppose 559 = 3*v + 5*g + 61, -2*v + 332 = -4*g. List the prime factors of v.
2, 83
Let s be (6 + 0)*24/16. Let r be (-15)/9 - (-6)/s. List the prime factors of 3/1 + 2 + r.
2
Suppose 0*n - 3*k - 1060 = -4*n, -4*n - 2*k = -1060. Suppose 8*m - 3*m - n = q, 5*m - 2*q = 270. List the prime factors of m.
2, 13
Let k = 67 + -37. What are the prime factors of k?
2, 3, 5
Let u = 1 - 0. Suppose -x = 2 - u. List the prime factors of 1 - (-8)/(-2)*x.
5
Suppose -30 = -2*d - 12. Suppose -3*j - d + 33 = 0. List the prime factors of j.
2
Let g(r) = 2*r. Let a be g(3). Let k(d) = 3*d**2 - 2*d - 1. Let v be k(-2). What are the prime factors of 5/(75/a)*v?
2, 3
What are the prime factors of (16 + 5)/((3 + -2)*1)?
3, 7
Let b = 252 - 141. What are the prime factors of b?
3, 37
Let y = 4 + -4. Suppose -25 = -o - k, o + 0*k + 5*k - 37 = y. List the prime factors of o.
2, 11
Suppose -5*k = 3*d - 2 - 19, -5*k + 9 = -3*d. Suppose 0*u + 33 = k*u. What are the prime factors of u?
11
Suppose -s + 41 = -0*s. What are the prime factors of s?
41
Let q(r) = 84*r**2 - 4*r - 5. List the prime factors of q(-1).
83
Let r = 107 + 78. List the prime factors of r.
5, 37
Let u be (-2)/(-4) + 9/2. Suppose 6 = -u*s - 4. List the prime factors of -1 + (-9 - s)/(-1).
2, 3
Suppose 5*w - 3*j + 190 = 0, 0*w - 2*w - 67 = -3*j. Let d = -29 - w. Let l = d - 2. List the prime factors of l.
2, 5
List the prime factors of (-543)/(-12) + (-3)/12.
3, 5
What are the prime factors of (4386/(-85))/(46/(-20) + 2)?
2, 43
Suppose -5*h = -5*x + 45, -x + 3*x + h - 9 = 0. Let c be (24/4)/(9/x). Suppose -c*v - 5 = 2*l - 39, -3*v + 54 = 3*l. What are the prime factors of l?
19
Suppose 20 = -5*h + 210. What are the prime factors of h?
2, 19
Let y = 4 - -21. List the prime factors of y.
5
Suppose -8*y = -6*y - 90. List the prime factors of y.
3, 5
Let n(c) be the third derivative of c**6/360 - 7*c**5/120 + c**4/6 - c**3/3 - 3*c**2. Let m(v) be the first derivative of n(v). List the prime factors of m(7).
2
Suppose -2*b = 2*b + 5*v - 513, 4*b - 537 = 3*v. What are the prime factors of b?
2, 3, 11
Suppose 4*m - 90 + 26 = 0. List the prime factors of m.
2
Let c(w) = 2*w - 1. Let y be c(2). Suppose 3*l + 6 = b, y*b - 19 = -4*l - 1. List the prime factors of b.
2, 3
Suppose 3*x - 3*y = 78, 33 = 3*x + 4*y - 45. What are the prime factors of x?
2, 13
Let n be (1/2)/(2/16). Suppose 0 = -n*f + 93 - 21. What are the prime factors of f?
2, 3
Let g = 100 - 7. What are the prime factors of g?
3, 31
Let l(k) = k**3 - k**2 - 3*k + 2. Let s be l(2). Suppose s*w + 2*w - 40 = 0. List the prime factors of w.
2, 5
Let h = -5 - -4. Let g = h + 4. What are the prime factors of g/(-18) - (-26)/12?
2
Let z = 67 - -6. List the prime factors of z.
73
Suppose -3*m = 2*x + 10, -3*m - 14 = 4*x - 0*x. Let q be -1 + (4 - (3 + x)). Suppose q*d = 3*d - 2*j - 11, -5*j = 2*d + 5. What are the prime factors of d?
5
Suppose 3*k - 395 = -2*k. List the prime factors of k.
79
Let m = -1 + 2. List the prime factors of (-6)/((0 + -2)*m).
3
List the prime factors of 33/(-22)*112/(-6).
2, 7
Let k be 2/(-3) + 128/12. Let l = k + -10. Suppose l = 6*x - x + d - 29, 2*x + 5*d = 30. List the prime factors of x.
5
Suppose 7*z - 1373 - 1147 = 0. What are the prime factors of z?
2, 3, 5
Suppose 5*n - 6 = -16. Let p = n + 5. Suppose -2*t - 4*c + 12 = 0, 0 = p*t - t + 3*c - 12. What are the prime factors of t?
2, 3
Let k(c) = 2*c - 10. Suppose -v + 30 = 4*f, -6*v - 5*f + 87 = -2*v. List the prime factors of k(v).
2, 13
Suppose y + 48 - 5 = 0. Let q = 2 - y. Suppose -4 = 4*a, 4*c - a - q = 4*a. What are the prime factors of c?
2, 5
Let x(i) = -i + 2. Let y be x(-2). Suppose 0*g - 11 = 3*l + y*g, 2*l = -4*g - 14. Suppose 5*q = -z + 15, -4*z - l = -5*q + 12. What are the prime factors of q?
3
Let k be 2/4 - 1/(-2). Let z = -3 + k. What are the prime factors of z/(-9) - (-129)/27?
5
Let r be (-56)/(-7) + (-2 - -1). List the prime factors of (r + -1)/((-8)/(-4)).
3
Let o = -22 - -32. Suppose 0 = -0*l - l + 2, -o = -t + 4*l. List the prime factors of t.
2, 3
Suppose -4*q + 32 = -4*m, -2*m + q = 2*m + 29. Let d(i) be the first derivative of i**3/3 + 7*i**2/2 + 2*i - 1. List the prime factors of d(m).
2
Let z be 3 - 3 - 0/2. Suppose 0 = -z*h - 3*h + 6. What are the prime factors of h?
2
List the prime factors of (-8)/(-12) - 116/(-6).
2, 5
Suppose -5*j + 3*r + 514 = 0, -5*r = 5*j - 350 - 140. List the prime factors of j.
101
Suppose 568 = 3*h - 239. List the prime factors of h.
269
Suppose 140 + 223 = 3*g. List the prime factors of g.
11
Suppose -7*w + 623 = -266. What are the prime factors of w?
127
Let n(c) = -2*c - 12. Let h be n(-12). Suppose -h = -2*p - p. List the prime factors of p.
2
Let u(c) be the third derivative of c**6/60 - c**5/15 + c**4/8 - c**3/6 + 3*c**2. Let t be u(2). Suppose -t = -5*l + 70. What are the prime factors of l?
3, 5
Let c(i) = i**2 + 9*i - 2. What are the prime factors of c(-13)?
2, 5
Suppose -6*u + 50 = -u. Let b = 14 + u. Suppose 0 = -5*p - 4 + b. What are the prime factors of p?
2
Suppose 3*u = u - 8. Let s = u - -8. What are the prime factors of s?
2
Suppose -15 = t + 1. Let y(j) = -4*j + 1. Let g be y(7). Let b = t - g. List the prime factors of b.
11
Suppose -2*y = 5*k + 29, -k + y = k + 8. Let z = 7 + k. Suppose 12 = z*o + 2*o. List the prime factors of o.
3
Let d = -7 + 19. What are the prime factors of d?
2, 3
Suppose -5*x + 30 = -3*x. Suppose 3*l - q - x = 18, 2*l - 4*q = 22. List the prime factors of l.
11
Let u(s) = -s + 8. Let h be u(3). Suppose 4*o + 80 = l + l, -l + 54 = h*o. What are the prime factors of l?
2, 11
Let y(x) = -x**2 - x + 3. Let g be y(0). Suppose g*a + a = 108. List the prime factors of a.
3
Suppose -106 = -5*c - 3*p + 143, 0 = 2*c + 5*p - 111. What are the prime factors of c?
2, 3
What are the prime factors of 27/(15/(-110)*-1)?
2, 3, 11
Let j = -3 - -12. Let m = j - 5. What are the prime factors of m?
2
What are the prime factors of (24/(-5))/((-3)/10)?
2
Let s = 2 - 15. Let h = -6 - s. What are the prime factors of h?
7
Let n = -20 + 94. What are the prime factors of n?
2, 37
Suppose 4*z = 240 + 392. List the prime factors of z.
2, 79
Suppose -2*p = -0*w - 3*w - 133, -130 = -2*p + 4*w. List the prime factors of p.
71
Suppose -4*j = -3*j - 3. Suppose j*c + 4*q = 29, 5*c - q = -0*c + 33. List the prime factors of c.
7
Let u(k) = 3*k**2 - k**3 + 4*k + 0*k - 2 - 4*k**2. List the prime factors of u(-4).
2, 3, 5
Let z(h) = -11*h + 0 + h - 1. Let x be 1/1 - 5*2/5. List the prime factors of z(x).
3
List the prime factors of (-3)/(-2) + (-142)/(-4).
37
Let u(a) = -a**2 + 4*a + 1. Let i be u(3). Suppose 5*c + 0*h = h + 12, -i*c = 2*h - 4. Suppose -3*s - c*s = -25. List the prime factors of s.
5
Let j be (-1)/(-2 - 15/(-9)). Suppose -q - j*w + 6 = 3, -5*q - 4*w = -48. List the prime factors of q.
2, 3
Suppose -6*g = -g - 20. Suppose -g = -4*y, -h + 10 = y - 27. Suppose z + z = h. What are the prime factors of z?
2, 3
Suppose -y + 5*s + 235 = 3*y, -123 = -2*y - 3*s. Suppose 5*p - y = -0*p. List the prime factors of p.
2, 3
Suppose 25 = -5*b, 5*y - 234 = -5*b + 221. What are the prime factors of y?
2, 3
Let o be (162/24)/((-3)/(-16)). Let f be ((-2)/(-3))/(3/o). Suppose -5*j 